)?
-3
Let u(x) = -1413*x - 11*x**2 + 704*x - 1 + 695*x - x**3 + 11. Give u(-10).
50
Suppose 75*i - 59 - 1 = 80*i. Let y(u) = -u**2 - u + 119. Calculate y(i).
-13
Let l(x) = 30*x**2 + 23*x + 5. Let a(p) = 16*p**2 + 5*p. Let h(c) = c**2 - 3*c - 1. Let y(q) = a(q) - 2*h(q). Let k(f) = -6*l(f) + 13*y(f). Determine k(-4).
8
Let k be ((-3)/(-9))/((-6)/180). Let y(d) = d**2 + 7*d - 33. Calculate y(k).
-3
Let o(q) = -5*q - 64. Suppose 626 = -51*y - 10*y + 16. Determine o(y).
-14
Let d(n) = -7*n**3 + n**2 + 8*n + 8. Let v(g) = 15*g**3 - g**2 - 17*g - 18. Let z = -78 - -84. Let m(a) = z*v(a) + 13*d(a). Let r = -3 - -10. Determine m(r).
10
Let k(t) be the first derivative of t**4/4 - t**3 + 2*t**2 - 4*t + 14. Suppose -4*v = -3*l + 8, 5*v - 3*l = 2*l - 15. Suppose z + v - 4 = 0. Give k(z).
8
Let o(g) = -g - 5. Let s be o(-1). Let a(h) be the first derivative of -h**4/2 - 7*h**3/3 - 3*h**2 - 5*h - 4. Determine a(s).
35
Let l be (18/8)/((-3)/(-8)). Suppose -s - 2*s + 19 = h, -9 = h - 4*s. Let v(o) = -59*o**3 + 122*o**3 + 6*o + 1 - h*o**2 - 62*o**3. Give v(l).
1
Let p(a) = 5*a**2 + a + 24. Let s = -340 - -341. Let r(v) = -2*v**2 - v - 1. Let h(u) = s*p(u) + 2*r(u). Calculate h(0).
22
Let i(w) = -w**3 + 9*w**2 - w + 3. Let c be i(9). Let r(z) be the third derivative of 1/60*z**5 - 19*z**2 + 0*z + 1/6*z**3 + 1/4*z**4 + 0. Determine r(c).
1
Let o(k) be the second derivative of k**4/12 - 4*k**3/3 + k**2/2 - 4*k. Let g be o(7). Let m(n) = -5 + n**3 + 104*n + 6*n**2 - 3 - 105*n. Give m(g).
-2
Let n(l) = -l**3 - 10*l**2 + 4. Let j be 159/(-15) - (-3)/5. Let w be n(j). Let g(k) = -4*k + 13. Let c be g(w). Let p(z) = z**2 + 5*z + 1. Determine p(c).
-5
Let n(v) = -v**3 - 8*v**2 + v + 11. Let w(d) = d + 17. Let k be w(-14). Suppose 3*p + 2 = -k*y - 28, -y = 4*p + 16. Give n(y).
3
Let j(p) = 654 + 38*p - 21*p - 18*p - 660. Let f = 7 + -4. Suppose -b = -4 - f. What is j(b)?
-13
Let q(j) be the second derivative of 11*j**3/6 - 20*j**2 - 611*j. Calculate q(5).
15
Let z(q) = 2*q**3 - 10*q**2 - 6*q - 9. Let j be -12*(-4 + 35/10)*(-2 + 3). Determine z(j).
27
Let q(j) = -j**3 - 4*j**2 - 2*j - 7. Let v be -50*3/(-45)*(3/(-15) - 1). What is q(v)?
1
Let g(f) = -2*f**3 - 8*f**2 - 12*f - 10. Let u = 1212 - 1215. Let z be g(u). Let q(t) = -2 + 8 - 1 - t. Determine q(z).
-3
Suppose s - 11 = 2*z, -4*s = -3*z + 2*z - 16. Let b(o) = o**2 + 5*o - 2. Give b(z).
-6
Let g = -7 + 28. Let r be (219/(-105) - 20/(-70))*(-10)/6. Suppose g = 9*n + r. Let l(v) = -4*v - 1. What is l(n)?
-9
Let s(d) = -5*d**3 + 2*d - 1. Let j = 4278 + -4280. Determine s(j).
35
Let u(f) = -f**3 - f. Let i(n) = 7*n**3 - 5*n**2 - n + 3. Let a(p) = -i(p) - 6*u(p). Let s be (-1*12)/((-24)/18) + -3. What is a(s)?
3
Let a(q) = -q**2 - 8*q - 17. Suppose -18*h = -12*h + 48. What is a(h)?
-17
Suppose 8*g = 60*g - 104. Let a(z) = z**2 + 425*z - 7 + 0*z**g - 432*z. Determine a(7).
-7
Let l(c) be the third derivative of -139*c**4/24 + 277*c**3/6 + 3*c**2 + 318*c. Give l(2).
-1
Let o(g) = g + 1. Let a(m) = -8*m + 3. Let v(n) = -19*n + 7. Let z(r) = -7*a(r) + 3*v(r). Let w(d) = -3*o(d) - 7*z(d). Give w(-8).
-35
Let s = 2570 - 2578. Let d(v) = -v**2 - 8*v - 33. Give d(s).
-33
Let j be 6/(-108)*3 - (-986)/12. Let w = 86 - j. Let m(r) = -r + 0*r**2 - 5*r**2 - 5 + w*r**2 + 19. Give m(0).
14
Let u be (-3)/12 - (-565)/20. Suppose 4*w - 40 = -u. Let m(l) = 3*l**w - 2 + 10*l**2 - l**3 - 9*l**2 + 0*l**3. Give m(2).
18
Let o = -1 - -41. Let k(z) = o*z**2 - 1 + z - 39*z**2 + 3*z. Suppose 3*s - 60 = 18*s. Give k(s).
-1
Suppose -5 + 3 = d. Let i be (-76)/16 + d/8. Let p(w) be the third derivative of -w**6/120 - w**5/12 - w**4/24 + 2*w**3/3 + 2*w**2 - 10*w + 15. Give p(i).
9
Let z = -29 - -66. Let h = 41 - z. Suppose -2*a + 3*a - h = 0. Let r(i) = -2*i. What is r(a)?
-8
Let z(r) = -4*r**2 - 7*r - 5. Suppose -15*j - 8070 + 22380 = 0. Let g = 950 - j. Calculate z(g).
-41
Let w(h) = h**2 + 34*h + 279. Let m be 35*(-4)/8 - (-975)/(-390). Give w(m).
-1
Let t be 4/(-24) + -2*(-1)/12. Suppose t = 2*u - 3*c + 3, -9 = -4*u + 2*c + 5. Let b(a) = a**2 - 3*a - 7. Give b(u).
11
Let x(g) be the first derivative of 4*g**2 - 2*g + 5. Suppose 9*d + 4*y - 28 = 4*d, 2 = -2*d + 5*y. Determine x(d).
30
Let w(m) = 8*m - 34. Let c be w(5). Let s(p) = 11*p**2 - 6*p - 4. Let l(r) = -13*r**2 + 6*r + 5. Let u(f) = c*l(f) + 7*s(f). Calculate u(-6).
2
Let w(h) = -h. Let t(j) be the third derivative of -j**4/4 - 19*j**3/3 + 4*j**2 + 11. Let c be t(-7). Determine w(c).
-4
Let r(o) = o**3 + 11*o**2 + 27*o + 26. Let z be r(-8). Let c(t) = -t**3 + t. Let u(k) = -3*k**3 - 3*k**2 + 3*k. Let d(q) = z*c(q) - u(q). What is d(-4)?
-12
Let z(r) = -9 - 39 + 50 - 22*r. Give z(3).
-64
Let d(v) = -26*v - 1. Let p be ((-9)/(-27))/(2/(-24)). Let r = 3 + p. Determine d(r).
25
Let y(s) be the second derivative of 3*s**3/2 + 15*s**2/2 + 6180*s. What is y(4)?
51
Suppose 2*k + 88 = 5*o - 36, -o + 14 = 5*k. Let g(i) = -6*i**3 - 17 - 11 + 5*i**3 + 6*i**2 + o + 3*i. Give g(6).
14
Let r(h) = 21 + 4 + 2*h + 18 - 12 + 11. Calculate r(-19).
4
Let v(a) = -12*a. Let y = -3799 + 3792. What is v(y)?
84
Let v(k) be the first derivative of -k**3/3 + 7*k**2/2 + 10*k - 9. Suppose -6*m + 22 = -26. Give v(m).
2
Let k(y) = 6*y**2 - 4*y - 10. Let j(t) = 20*t**2 - 9*t - 31. Let w(h) = -2*j(h) + 7*k(h). Give w(8).
40
Let c = 10708 - 10707. Let x(g) = 130*g**2 - 3*g + 1. Determine x(c).
128
Let l(k) = -k**3 - 16*k**2 - 22*k + 65. Suppose -85*c - 2254 = 67*c + 9*c. Determine l(c).
-19
Let n(m) = -4*m**2 - 2*m + 10. Let q(l) = 15*l**2 + 5*l - 41. Let c(o) = -11*n(o) - 3*q(o). What is c(6)?
19
Let a(h) = 5*h**3 + 17*h**2 + 7*h - 17. Let n(z) = 2*z**3 + 8*z**2 + 3*z - 7. Let x(f) = -3*a(f) + 7*n(f). Suppose -3*w = 3*s - 0*s, 3*w + 4 = -4*s. Give x(w).
18
Suppose 80*r - 81 = 159. Let t(l) = 7*l - 13. Let v(m) = -m + 2. Let j(p) = -6*t(p) - 39*v(p). Determine j(r).
-9
Let m be ((-80)/(24 + -44))/(-1 - (-1)/(-3)). Let t(n) = n - 6. Calculate t(m).
-9
Let g(o) = -3*o**2 - 3*o**2 + 1 + 2*o + 0*o**2. Let z(r) = -12*r - 61. Suppose 7 = 7*m + 42. Let a be z(m). Calculate g(a).
-7
Let p(j) = -24*j + 46. Let x be p(5). Let b = x + 80. Let z(r) = r**3 + 8*r**2 - 2*r - 2*r + b - 3*r**2 - r**2. Calculate z(-5).
1
Suppose -583 = -13*l + 3564. Let g = -160 + l. Let x(w) = 83 + 7*w + 78 - g - w**2. Determine x(6).
8
Let q(p) be the third derivative of p**6/120 + 7*p**5/30 - 11*p**4/8 + p**3/3 + 4*p**2 - 80*p + 6. Give q(-16).
18
Let w(g) = g**3 - 5*g**2 + 9*g. Let u be w(3). Let a be 19/u - (-10)/(-90). Let m(h) be the first derivative of -h**3/3 + 5*h**2/2 - 3*h - 1. Determine m(a).
3
Suppose -8*r + 3*r = 1425. Let c = r - -283. Let p(x) = -3*x**3 + x**2 + 3*x + 1. Calculate p(c).
23
Let b(p) be the third derivative of -1/24*p**4 - 1/3*p**3 + 0*p - 20*p**2 + 0. Let c be (2 - (-2 + 1))/(-1). What is b(c)?
1
Let t(l) = -146 - 6*l**2 + 0*l + 6*l + l**3 + 139. Let s be t(5). Let h(c) be the first derivative of c**3 + 3*c**2/2 - 71. Calculate h(s).
6
Suppose -4*l + v - 17 = 1, 2*l + 2*v = -14. Let r(p) be the second derivative of p**5/20 + p**4/2 + 2*p**3/3 + p**2/2 - 41*p. Calculate r(l).
6
Let m(z) = -z**2 - 1058*z**3 + 263*z**3 + 263*z**3 + 267*z**3 + 269*z**3 + z. Give m(-1).
-6
Let q be -10 - (-37)/(555/150). Let y(h) = h**2 + h + 39. Calculate y(q).
39
Let o(u) = 5*u + 37. Let f(x) = -x**2 + 12*x + 78. Let t(l) = 2*f(l) - 5*o(l). Calculate t(0).
-29
Let a(d) = d - 2. Let c = -399 + 374. Let f = -19 - 0. Let m = c - f. Determine a(m).
-8
Suppose -n + 4*o = 0, o + 0*o - 1 = 0. Let t(l) = -l - 2 - 3 - n + 16. Let m be (8/(-12))/(4/6) - -1. What is t(m)?
7
Let i(k) = k + 19. Let t be i(-14). Let g = -12 + t. Let p(n) = -n**3 + 0*n**2 + 1 - 10 + 5*n - 6*n**2. Calculate p(g).
5
Let c(j) = -j**2 + 8*j + 10. Let v be ((-10)/(-4))/(((-66)/(-36))/11). Suppose 37*a - 34*a = -3*t + v, -4*t - a = -35. What is c(t)?
-10
Let o = 1816 + -1814. Let p(l) = -5*l + 4. What is p(o)?
-6
Let t(i) = -8*i - 8*i**2 + 242 + 241 - 473 + i**3 + 23*i. Calculate t(5).
10
Suppose 37 = -7*h + 58. Let k(a) = 0*a**2 - 3*a - 2*a**2 + 1 - 2*a**2 + h*a**2. Calculate k(-5).
-9
Let q(l) = -8 + 8*l - 5*l**2 + l**3 - 3 + 8. Let j be q(3). Let r(c) = 8*c - 9*c + 6*c + j*c**2 - 4*c**2 - 2. Calculate r(4).
2
Let l(z) = z**2 - 12*z - 168. Let d(q) = -3*q**3 - 49*q**2 - 14*q 